e remainder when 35 is divided by 10.
5
What is the remainder when 202 is divided by 12?
10
What is the remainder when 6035 is divided by 11?
7
What is the remainder when 3439 is divided by 41?
36
Calculate the remainder when 234 is divided by 225.
9
Calculate the remainder when 3526 is divided by 126.
124
Calculate the remainder when 1440 is divided by 26.
10
What is the remainder when 1124 is divided by 281?
0
What is the remainder when 404 is divided by 140?
124
What is the remainder when 3011 is divided by 201?
197
Calculate the remainder when 10385 is divided by 98.
95
What is the remainder when 386 is divided by 109?
59
Calculate the remainder when 74 is divided by 6.
2
Calculate the remainder when 13 is divided by 9.
4
What is the remainder when 1472 is divided by 22?
20
Calculate the remainder when 920 is divided by 230.
0
Calculate the remainder when 32 is divided by 17.
15
Calculate the remainder when 6377 is divided by 21.
14
Calculate the remainder when 16 is divided by 15.
1
What is the remainder when 517 is divided by 217?
83
What is the remainder when 499 is divided by 100?
99
What is the remainder when 129 is divided by 15?
9
What is the remainder when 10762 is divided by 18?
16
What is the remainder when 119 is divided by 59?
1
Calculate the remainder when 23 is divided by 13.
10
Calculate the remainder when 154 is divided by 33.
22
Calculate the remainder when 316 is divided by 32.
28
Calculate the remainder when 757 is divided by 356.
45
What is the remainder when 61 is divided by 20?
1
What is the remainder when 514 is divided by 23?
8
Calculate the remainder when 80 is divided by 49.
31
Calculate the remainder when 1898 is divided by 38.
36
What is the remainder when 93 is divided by 29?
6
What is the remainder when 145 is divided by 11?
2
What is the remainder when 619 is divided by 31?
30
What is the remainder when 417 is divided by 28?
25
What is the remainder when 123 is divided by 112?
11
Calculate the remainder when 430 is divided by 16.
14
Calculate the remainder when 31918 is divided by 240.
238
Calculate the remainder when 1496 is divided by 125.
121
Calculate the remainder when 254 is divided by 45.
29
What is the remainder when 1829 is divided by 54?
47
What is the remainder when 110 is divided by 27?
2
Calculate the remainder when 249 is divided by 58.
17
What is the remainder when 4558 is divided by 120?
118
What is the remainder when 2102 is divided by 104?
22
Calculate the remainder when 95 is divided by 10.
5
What is the remainder when 555 is divided by 140?
135
Calculate the remainder when 315 is divided by 100.
15
Calculate the remainder when 109 is divided by 2.
1
Calculate the remainder when 74 is divided by 31.
12
What is the remainder when 885 is divided by 36?
21
Calculate the remainder when 139 is divided by 29.
23
Calculate the remainder when 171 is divided by 57.
0
What is the remainder when 19275 is divided by 153?
150
What is the remainder when 57 is divided by 13?
5
Calculate the remainder when 340 is divided by 38.
36
What is the remainder when 304 is divided by 65?
44
What is the remainder when 72 is divided by 11?
6
Calculate the remainder when 261 is divided by 19.
14
Calculate the remainder when 85 is divided by 34.
17
What is the remainder when 596 is divided by 13?
11
What is the remainder when 1653 is divided by 185?
173
What is the remainder when 16069 is divided by 19?
14
Calculate the remainder when 23 is divided by 4.
3
What is the remainder when 880 is divided by 138?
52
What is the remainder when 53 is divided by 14?
11
Calculate the remainder when 906 is divided by 81.
15
What is the remainder when 124 is divided by 9?
7
What is the remainder when 190 is divided by 28?
22
What is the remainder when 85 is divided by 47?
38
Calculate the remainder when 880 is divided by 234.
178
What is the remainder when 144 is divided by 39?
27
Calculate the remainder when 358 is divided by 18.
16
What is the remainder when 447 is divided by 190?
67
What is the remainder when 127 is divided by 16?
15
Calculate the remainder when 380 is divided by 85.
40
What is the remainder when 32 is divided by 12?
8
What is the remainder when 1078 is divided by 17?
7
What is the remainder when 75 is divided by 24?
3
What is the remainder when 93 is divided by 18?
3
Calculate the remainder when 382 is divided by 55.
52
What is the remainder when 397 is divided by 195?
7
What is the remainder when 21 is divided by 5?
1
What is the remainder when 2037 is divided by 17?
14
What is the remainder when 249 is divided by 36?
33
What is the remainder when 2945 is divided by 22?
19
Calculate the remainder when 4067 is divided by 22.
19
Calculate the remainder when 88 is divided by 31.
26
Calculate the remainder when 103 is divided by 12.
7
What is the remainder when 4134 is divided by 4131?
3
What is the remainder when 1075 is divided by 157?
133
What is the remainder when 1142 is divided by 52?
50
Calculate the remainder when 85 is divided by 31.
23
What is the remainder when 760 is divided by 199?
163
Calculate the remainder when 107 is divided by 57.
50
What is the remainder when 372 is divided by 96?
84
What is the remainder when 63 is divided by 13?
11
What is the remainder when 375 is divided by 13?
11
Calculate the remainder when 256 is divided by 31.
8
Calculate the remainder when 7984 is divided by 3982.
20
Calculate the remainder when 252 is divided by 32.
28
What is the remainder when 2753 is divided by 53?
50
What is the remainder when 452 is divided by 150?
2
Calculate the remainder when 112 is divided by 68.
44
What is the remainder when 134 is divided by 35?
29
Calculate the remainder when 66 is divided by 10.
6
Calculate the remainder when 50 is divided by 41.
9
Calculate the remainder when 577 is divided by 145.
142
What is the remainder when 35 is divided by 11?
2
Calculate the remainder when 2647 is divided by 39.
34
What is the remainder when 140 is divided by 74?
66
Calculate the remainder when 57 is divided by 25.
7
Calculate the remainder when 21 is divided by 18.
3
What is the remainder when 408 is divided by 62?
36
What is the remainder when 335 is divided by 68?
63
What is the remainder when 151 is divided by 31?
27
Calculate the remainder when 519 is divided by 29.
26
Calculate the remainder when 291 is divided by 21.
18
What is the remainder when 352 is divided by 345?
7
What is the remainder when 93 is divided by 50?
43
What is the remainder when 489 is divided by 89?
44
Calculate the remainder when 2237 is divided by 1112.
13
Calculate the remainder when 2392 is divided by 141.
136
Calculate the remainder when 2068 is divided by 56.
52
Calculate the remainder when 417 is divided by 4.
1
Calculate the remainder when 1012 is divided by 2.
0
Calculate the remainder when 631 is divided by 100.
31
Calculate the remainder when 1132 is divided by 377.
1
Calculate the remainder when 571 is divided by 190.
1
Calculate the remainder when 378 is divided by 20.
18
What is the remainder when 1466 is divided by 279?
71
Calculate the remainder when 734 is divided by 92.
90
What is the remainder when 226 is divided by 21?
16
What is the remainder when 1965 is divided by 982?
1
Calculate the remainder when 115 is divided by 63.
52
Calculate the remainder when 151 is divided by 23.
13
What is the remainder when 849 is divided by 95?
89
Calculate the remainder when 9683 is divided by 323.
316
What is the remainder when 356 is divided by 7?
6
What is the remainder when 331 is divided by 227?
104
Calculate the remainder when 342 is divided by 167.
8
Calculate the remainder when 46 is divided by 16.
14
Calculate the remainder when 330 is divided by 19.
7
Calculate the remainder when 271 is divided by 136.
135
Calculate the remainder when 106 is divided by 14.
8
Calculate the remainder when 126 is divided by 123.
3
What is the remainder when 76 is divided by 27?
22
What is the remainder when 205 is divided by 35?
30
What is the remainder when 4892 is divided by 55?
52
What is the remainder when 586 is divided by 173?
67
What is the remainder when 344 is divided by 115?
114
Calculate the remainder when 43449 is divided by 36.
33
Calculate the remainder when 483 is divided by 22.
21
What is the remainder when 